common divisor of 24 and c.
24
Let w = 567 - 551. What is the greatest common divisor of 684 and w?
4
Suppose -3*z + 66 = -t, 88 = 4*z - 0*t - 3*t. Suppose i - 3*i + 4 = 0. Suppose k - i*g = 3*k - 66, 4*g = 0. Calculate the highest common factor of z and k.
11
Let a be 399 + 36 + 266/(-14). What is the greatest common divisor of 160 and a?
32
Suppose 5*j - 333901 - 60731 = -22*j. What is the greatest common factor of 28 and j?
28
Suppose 0 = -2*f - 4*d + 44, 4*f + 20*d = 15*d + 103. What is the highest common factor of 20 and f?
4
Let i(p) = 3*p**3 - 128*p**2 - 48*p + 259. Let l be i(43). Suppose 190 = 4*f + 14. What is the greatest common divisor of f and l?
44
Suppose -2*u = -939 + 877. Calculate the highest common factor of 155 and u.
31
Let d = -56 + 107. Let o = d + -6. Let r = o + -25. Calculate the greatest common factor of r and 50.
10
Let q = -120 - -127. Let g(o) = -5*o**3 + o**2 + o. Let s be g(-1). Suppose -7 = -c + s*y, 2*c - 4*y = -y + q. Calculate the greatest common divisor of c and 1.
1
Suppose v = 2*o + 509 - 477, 4*v + 2*o = 38. Calculate the greatest common divisor of v and 35714.
14
Suppose 57*h = -97*h + 2741 + 9579. Calculate the greatest common factor of 2010 and h.
10
Let q(d) = -2*d**2 - 3*d**2 + d**2 - 16*d + 5*d**2 + 70 - d. Let b be q(12). Calculate the highest common divisor of 16 and b.
2
Let x = 37170 - 37032. Suppose 14 + 16 = 5*l. What is the highest common divisor of x and l?
6
Suppose 21*t = 8*t + 6227. Suppose 0 = -15*f + 20*f - 4*i - t, 4*f = -5*i + 375. Calculate the highest common factor of 57 and f.
19
Suppose -6*z + 1443 = -3*z - 3*f, -2405 = -5*z - 3*f. Calculate the greatest common factor of 104 and z.
13
Let k(s) = -s**3 - 9*s**2 - 8*s + 9. Let v be k(-8). Suppose 8*i + 15 = l + v*i, 2*i + 54 = 5*l. Calculate the highest common factor of l and 12.
12
Let u be ((-15)/(-9))/((-10)/(-12)). Let g be u/7 + (-500)/(-14). What is the greatest common divisor of g and 84?
12
Let o = 3926 - 3883. Calculate the highest common divisor of o and 989.
43
Let x be ((-529)/17 - (-4)/34)*-3. Let w = 213 - x. What is the greatest common divisor of w and 40?
40
Suppose 10*i - 9*i = 10*i - 9828. What is the greatest common factor of 2340 and i?
156
Let l = -877 + 876. Let v(r) = 36*r**2 + 24*r + 24. Let g be v(l). Let t = 27 + -15. What is the highest common divisor of g and t?
12
Let y be 774064/80 - 44/(-20). Calculate the greatest common divisor of 6 and y.
6
Let f be (5/(-5))/((-3)/33). Let b(t) = 2*t**2 + 11*t - 25. Let h be b(f). Let j = h + -194. Calculate the highest common divisor of j and 36.
36
Let h be ((-4)/14)/((-11)/5005). Let s = h + -58. What is the highest common factor of s and 720?
72
Let k be (-4 - (-1024)/28)*((-231)/(-6))/11. What is the highest common divisor of k and 150?
6
Suppose 19*k - 12*k = 525. Suppose -s + 10 + 8 = -2*i, 5*s + 5*i = k. What is the greatest common divisor of 56 and s?
8
Let i = -15815 + 15829. Calculate the highest common factor of 6020 and i.
14
Suppose -32*z = -35*z + 217398. Let j be (-8)/(-14) - z/(-266). What is the greatest common factor of 21 and j?
21
Let z(l) = 2*l**3 - 94*l**2 + 179*l + 83. Let r be z(45). Calculate the greatest common divisor of r and 1444.
38
Let n(h) = h**3 + 78*h**2 + 53*h + 775. Let c be n(-72). Calculate the greatest common divisor of c and 133.
133
Suppose -547299 = -109*z + 45457 + 576814. Calculate the highest common divisor of z and 174.
58
Let u be (-224172)/(-2340) + 1*-2 + (-6)/(-5). Calculate the greatest common factor of u and 5795.
95
Let h be (-2)/3 - (-1 + 4484/(-12)). Let z(v) = -8*v + 2. Let m be z(-4). Calculate the highest common factor of m and h.
34
Let h be 354/15 + (-2)/(-5). Let y be ((-56)/12)/(1/120). Let d be ((-18)/(-7))/((-24)/y). Calculate the greatest common divisor of d and h.
12
Suppose -3*x - 2*c = -839, 556 = 2*x + 6*c - 4*c. Let n = 295 - x. Calculate the highest common divisor of 72 and n.
12
Suppose 2*s = -2*u - 7 + 35, 3*u - 46 = -5*s. Suppose 0 = -288*p + 11019 + 44277. What is the greatest common divisor of u and p?
12
Let j = 5524 + -4313. What is the highest common divisor of 7 and j?
7
Suppose 4*a - x - 2432 = 0, -46*x + 49*x - 3057 = -5*a. What is the highest common factor of a and 336?
21
Suppose -68*w - 66 = -66*w. Let h = -30 - w. Suppose h*i + 3*r - 11 = 1, 5*i + 2*r = 32. What is the greatest common factor of i and 20?
4
Let c(w) = -5*w - 8 - 3*w**2 - 11*w + 0*w**2 + 2*w**2. Let r be c(-14). Suppose -t + r = -0. Calculate the highest common factor of 200 and t.
20
Let i be (1656/966)/(4/(-182)). Let z be -6 + (-456)/i - 394/(-26). Calculate the highest common factor of 10 and z.
5
Suppose 30*n - 48*n - 576 = -22*n. Calculate the greatest common divisor of 648 and n.
72
Suppose 23260 + 8156 = 12*c. What is the greatest common factor of c and 28?
14
Suppose -995*l = -1013*l + 10764. What is the highest common factor of 117 and l?
13
Let m be 548405/413 + 3/21. Calculate the highest common factor of 20 and m.
4
Let w be (-640)/(-50) + (-8)/10. Let u be w*-3*105/(-12). What is the greatest common factor of u and 35?
35
Let z = 12843 - 12806. Calculate the greatest common factor of 13061 and z.
37
Let c be (50050/(-520))/((-2)/32). Calculate the greatest common divisor of c and 88.
44
Let f be (12/14)/((-4)/28). Let q(u) = u**3 + 7*u**2 + 6. Let h be q(f). What is the highest common factor of 56 and h?
14
Let s = -5982 + 9407. Calculate the greatest common divisor of s and 25.
25
Suppose 4*w = -g - 65, -3*w = g - 4*g + 30. Let t be (w/4)/(126/(-4704)). What is the highest common factor of t and 14?
14
Let m(p) = p**2 + 23*p + 327. Let w be m(-15). What is the greatest common factor of w and 115?
23
Let g(i) = 19*i**2 + 91*i - 10. Let h be g(-6). Calculate the highest common divisor of 7808 and h.
128
Suppose -12*p + 16*p = 6116. Suppose 0 = -6*h - 5*h + p. Suppose -7*c + h - 34 = 0. Calculate the greatest common divisor of 75 and c.
15
Let v be (-8)/(-14)*(41 - -1226). Suppose 727*m - 72 = v*m. What is the greatest common factor of m and 6?
6
Let m(w) be the third derivative of w**5/60 - 9*w**4/8 + 38*w**3/3 - 80*w**2. Let v be m(25). What is the highest common divisor of v and 325?
13
Let h = 12530 + -12496. Calculate the greatest common factor of 17102 and h.
34
Let j = -269 - -278. Let b(r) = -r**3 + 7*r**2 + 4. Let l be b(7). Let g be 54/(5*l/10). What is the greatest common factor of g and j?
9
Let j(s) = -2*s**3 - 128*s + 1. Let q be j(-11). What is the greatest common divisor of 138 and q?
69
Suppose -12109 + 12569 = 4*a. What is the greatest common factor of 138 and a?
23
Suppose -87*u = -98*u + 29403. What is the greatest common factor of 108 and u?
27
Let w = -1166 - -3922. What is the greatest common factor of w and 13?
13
Suppose -d - 381 = 615. Suppose 2*r + 1197 = 3*u, -3*r - 2402 = r + 2*u. Let h = r - d. Calculate the highest common factor of 36 and h.
36
Let z(a) = -325*a + 1394. Let j be z(2). What is the greatest common factor of 93 and j?
93
Let b(a) = a**3 - 17*a**2 - 15*a + 9. Let r be b(17). Let g = -210 - r. What is the highest common factor of 8 and g?
4
Let t be (-2)/(-1)*(-865)/10*(3 - 15). Calculate the highest common factor of t and 12.
12
Let m = -103 + 151. Let h be (90/(-100))/((-126)/1680). What is the greatest common factor of h and m?
12
Suppose 2*t = -3*j + 127, 66 = -3*j - 5*t + 181. Let w be 6*(-32)/(-6) - 2. Calculate the greatest common divisor of w and j.
15
Let v(u) = 2*u**2 - 36*u + 5. Let l be v(18). Suppose 6 = i - 3*x, 119 = l*i + 5*x + 29. Calculate the greatest common divisor of i and 75.
15
Let u(w) = 178*w - 135. Let q be u(5). Calculate the highest common factor of 5 and q.
5
Let u = 16997 - 16904. Let r be ((-186)/4)/((-6)/8). What is the highest common factor of r and u?
31
Let k be (263/(-4) + -2)/(1/(-8)). Suppose s = 4*m - 517, -2*s + 3*s + m = -k. Let n = -285 - s. What is the greatest common divisor of 28 and n?
28
Let j be -2 - 1/((-1)/5). Suppose 4*i + x + 10 = -4*x, 4*x = 4*i - 8. Suppose -33*r + 32*r + 6 = i. Calculate the highest common factor of j and r.
3
Let y be (-1718981)/(-1705) - ((-12)/5)/(-2). What is the greatest common factor of 371 and y?
53
Let c be 42/(-294) - 4392/(-21). Calculate the highest common factor of c and 18